{"id":2186,"date":"2021-04-30T14:59:51","date_gmt":"2021-04-30T14:59:51","guid":{"rendered":"https:\/\/www.lgbti-label.ch\/a-propos-du-label-lgbti-suisse\/"},"modified":"2026-03-17T20:51:53","modified_gmt":"2026-03-17T20:51:53","slug":"a-propos-du-label-lgbti-suisse","status":"publish","type":"page","link":"https:\/\/www.lgbti-label.ch\/fr\/a-propos-du-label-lgbti-suisse\/","title":{"rendered":"A propos du Swiss LGBTI-Label"},"content":{"rendered":"<p class=\"mb-5\">Le Swiss LGBTI-Label est une organisation \u00e0 but non lucratif issue des deux r\u00e9seaux d\u2019affaires WyberNet et Network. Le label a \u00e9t\u00e9 cod\u00e9velopp\u00e9 par les associations fa\u00eeti\u00e8res TGNS, LOS et Familles arc-en-ciel.<\/p>\n<h2 class=\"wp-block-heading mb-4\">Organigramme du Swiss LGBTI-Label<\/h2>\n<figure class=\"wp-block-image size-large\"><img loading=\"lazy\" decoding=\"async\" width=\"1024\" height=\"1024\" class=\"wp-image-4016\" src=\"https:\/\/www.lgbti-label.ch\/wp-content\/uploads\/2023\/07\/graphique4-3-fr2-1024x1024.png\" alt=\"\" srcset=\"https:\/\/www.lgbti-label.ch\/wp-content\/uploads\/2023\/07\/graphique4-3-fr2-1024x1024.png 1024w, https:\/\/www.lgbti-label.ch\/wp-content\/uploads\/2023\/07\/graphique4-3-fr2-300x300.png 300w, https:\/\/www.lgbti-label.ch\/wp-content\/uploads\/2023\/07\/graphique4-3-fr2-150x150.png 150w, https:\/\/www.lgbti-label.ch\/wp-content\/uploads\/2023\/07\/graphique4-3-fr2-768x768.png 768w, https:\/\/www.lgbti-label.ch\/wp-content\/uploads\/2023\/07\/graphique4-3-fr2-1536x1536.png 1536w, https:\/\/www.lgbti-label.ch\/wp-content\/uploads\/2023\/07\/graphique4-3-fr2-400x400.png 400w, https:\/\/www.lgbti-label.ch\/wp-content\/uploads\/2023\/07\/graphique4-3-fr2-800x800.png 800w, https:\/\/www.lgbti-label.ch\/wp-content\/uploads\/2023\/07\/graphique4-3-fr2-1200x1200.png 1200w, https:\/\/www.lgbti-label.ch\/wp-content\/uploads\/2023\/07\/graphique4-3-fr2.png 2000w\" sizes=\"auto, (max-width: 1024px) 100vw, 1024px\" \/><\/figure>\n","protected":false},"excerpt":{"rendered":"<p>Le Swiss LGBTI-Label est une organisation \u00e0 but non lucratif issue des deux r\u00e9seaux d\u2019affaires WyberNet et Network. Le label a \u00e9t\u00e9 cod\u00e9velopp\u00e9 par les associations fa\u00eeti\u00e8res TGNS, LOS et Familles arc-en-ciel. Organigramme du Swiss LGBTI-Label<\/p>\n","protected":false},"author":1,"featured_media":5491,"parent":0,"menu_order":30,"comment_status":"closed","ping_status":"closed","template":"","meta":{"_acf_changed":false,"footnotes":""},"class_list":["post-2186","page","type-page","status-publish","has-post-thumbnail","hentry"],"acf":[],"yoast_head":"\n<title>A propos de nous - Swiss LGBTI-Label<\/title>\n<meta name=\"description\" content=\"Le Swiss LGBTI-Label est un label de qualit\u00e9 pour la gestion globale de la diversit\u00e9 et de l\u2019inclusion. En savoir plus \u00e0 propos de nous.\" \/>\n<meta name=\"robots\" content=\"index, follow, max-snippet:-1, max-image-preview:large, max-video-preview:-1\" \/>\n<link rel=\"canonical\" href=\"https:\/\/www.lgbti-label.ch\/fr\/a-propos-du-label-lgbti-suisse\/\" \/>\n<meta property=\"og:locale\" content=\"fr_FR\" \/>\n<meta property=\"og:type\" content=\"article\" \/>\n<meta property=\"og:title\" content=\"A propos de nous - Swiss LGBTI-Label\" \/>\n<meta property=\"og:description\" content=\"Le Swiss LGBTI-Label est un label de qualit\u00e9 pour la gestion globale de la diversit\u00e9 et de l\u2019inclusion. En savoir plus \u00e0 propos de nous.\" \/>\n<meta property=\"og:url\" content=\"https:\/\/www.lgbti-label.ch\/fr\/a-propos-du-label-lgbti-suisse\/\" \/>\n<meta property=\"og:site_name\" content=\"Swiss LGBTI-Label\" \/>\n<meta property=\"article:modified_time\" content=\"2026-03-17T20:51:53+00:00\" \/>\n<meta property=\"og:image\" content=\"https:\/\/www.lgbti-label.ch\/wp-content\/uploads\/2026\/01\/lgbti-label25-h1-00495-scaled.jpg\" \/>\n\t<meta property=\"og:image:width\" content=\"2560\" \/>\n\t<meta property=\"og:image:height\" content=\"1707\" \/>\n\t<meta property=\"og:image:type\" content=\"image\/jpeg\" \/>\n<meta name=\"twitter:card\" content=\"summary_large_image\" \/>\n<meta name=\"twitter:label1\" content=\"Dur\u00e9e de lecture estim\u00e9e\" \/>\n\t<meta name=\"twitter:data1\" content=\"1 minute\" \/>\n","yoast_head_json":{"title":"A propos de nous - Swiss LGBTI-Label","description":"Le Swiss LGBTI-Label est un label de qualit\u00e9 pour la gestion globale de la diversit\u00e9 et de l\u2019inclusion. En savoir plus \u00e0 propos de nous.","robots":{"index":"index","follow":"follow","max-snippet":"max-snippet:-1","max-image-preview":"max-image-preview:large","max-video-preview":"max-video-preview:-1"},"canonical":"https:\/\/www.lgbti-label.ch\/fr\/a-propos-du-label-lgbti-suisse\/","og_locale":"fr_FR","og_type":"article","og_title":"A propos de nous - Swiss LGBTI-Label","og_description":"Le Swiss LGBTI-Label est un label de qualit\u00e9 pour la gestion globale de la diversit\u00e9 et de l\u2019inclusion. En savoir plus \u00e0 propos de nous.","og_url":"https:\/\/www.lgbti-label.ch\/fr\/a-propos-du-label-lgbti-suisse\/","og_site_name":"Swiss LGBTI-Label","article_modified_time":"2026-03-17T20:51:53+00:00","og_image":[{"width":2560,"height":1707,"url":"https:\/\/www.lgbti-label.ch\/wp-content\/uploads\/2026\/01\/lgbti-label25-h1-00495-scaled.jpg","type":"image\/jpeg"}],"twitter_card":"summary_large_image","twitter_misc":{"Dur\u00e9e de lecture estim\u00e9e":"1 minute"},"schema":{"@context":"https:\/\/schema.org","@graph":[{"@type":"WebPage","@id":"https:\/\/www.lgbti-label.ch\/fr\/a-propos-du-label-lgbti-suisse\/","url":"https:\/\/www.lgbti-label.ch\/fr\/a-propos-du-label-lgbti-suisse\/","name":"A propos de nous - Swiss LGBTI-Label","isPartOf":{"@id":"https:\/\/www.lgbti-label.ch\/de\/#website"},"primaryImageOfPage":{"@id":"https:\/\/www.lgbti-label.ch\/fr\/a-propos-du-label-lgbti-suisse\/#primaryimage"},"image":{"@id":"https:\/\/www.lgbti-label.ch\/fr\/a-propos-du-label-lgbti-suisse\/#primaryimage"},"thumbnailUrl":"https:\/\/www.lgbti-label.ch\/wp-content\/uploads\/2026\/01\/lgbti-label25-h1-00495-scaled.jpg","datePublished":"2021-04-30T14:59:51+00:00","dateModified":"2026-03-17T20:51:53+00:00","description":"Le Swiss LGBTI-Label est un label de qualit\u00e9 pour la gestion globale de la diversit\u00e9 et de l\u2019inclusion. En savoir plus \u00e0 propos de nous.","inLanguage":"fr-FR","potentialAction":[{"@type":"ReadAction","target":["https:\/\/www.lgbti-label.ch\/fr\/a-propos-du-label-lgbti-suisse\/"]}]},{"@type":"ImageObject","inLanguage":"fr-FR","@id":"https:\/\/www.lgbti-label.ch\/fr\/a-propos-du-label-lgbti-suisse\/#primaryimage","url":"https:\/\/www.lgbti-label.ch\/wp-content\/uploads\/2026\/01\/lgbti-label25-h1-00495-scaled.jpg","contentUrl":"https:\/\/www.lgbti-label.ch\/wp-content\/uploads\/2026\/01\/lgbti-label25-h1-00495-scaled.jpg","width":2560,"height":1707},{"@type":"WebSite","@id":"https:\/\/www.lgbti-label.ch\/de\/#website","url":"https:\/\/www.lgbti-label.ch\/de\/","name":"Swiss LGBTI-Label","description":"Wir f\u00f6rdern Diversity und Inclusion von LGBTI-Menschen am Arbeitsplatz.","potentialAction":[{"@type":"SearchAction","target":{"@type":"EntryPoint","urlTemplate":"https:\/\/www.lgbti-label.ch\/de\/?s={search_term_string}"},"query-input":{"@type":"PropertyValueSpecification","valueRequired":true,"valueName":"search_term_string"}}],"inLanguage":"fr-FR"}]}},"_links":{"self":[{"href":"https:\/\/www.lgbti-label.ch\/fr\/wp-json\/wp\/v2\/pages\/2186","targetHints":{"allow":["GET"]}}],"collection":[{"href":"https:\/\/www.lgbti-label.ch\/fr\/wp-json\/wp\/v2\/pages"}],"about":[{"href":"https:\/\/www.lgbti-label.ch\/fr\/wp-json\/wp\/v2\/types\/page"}],"author":[{"embeddable":true,"href":"https:\/\/www.lgbti-label.ch\/fr\/wp-json\/wp\/v2\/users\/1"}],"replies":[{"embeddable":true,"href":"https:\/\/www.lgbti-label.ch\/fr\/wp-json\/wp\/v2\/comments?post=2186"}],"version-history":[{"count":32,"href":"https:\/\/www.lgbti-label.ch\/fr\/wp-json\/wp\/v2\/pages\/2186\/revisions"}],"predecessor-version":[{"id":5685,"href":"https:\/\/www.lgbti-label.ch\/fr\/wp-json\/wp\/v2\/pages\/2186\/revisions\/5685"}],"wp:featuredmedia":[{"embeddable":true,"href":"https:\/\/www.lgbti-label.ch\/fr\/wp-json\/wp\/v2\/media\/5491"}],"wp:attachment":[{"href":"https:\/\/www.lgbti-label.ch\/fr\/wp-json\/wp\/v2\/media?parent=2186"}],"curies":[{"name":"wp","href":"https:\/\/api.w.org\/{rel}","templated":true}]}}

<p class="mb-5">Le Swiss LGBTI-Label est une organisation à but non lucratif issue des deux réseaux d’affaires WyberNet et Network. Le label a été codéveloppé par les associations faîtières TGNS, LOS et Familles arc-en-ciel.</p>
<h2 class="wp-block-heading mb-4">Organigramme du Swiss LGBTI-Label</h2>
<figure class="wp-block-image size-large"><img loading="lazy" decoding="async" width="1024" height="1024" class="wp-image-4016" src="https://www.lgbti-label.ch/wp-content/uploads/2023/07/graphique4-3-fr2-1024x1024.png" alt="" srcset="https://www.lgbti-label.ch/wp-content/uploads/2023/07/graphique4-3-fr2-1024x1024.png 1024w, https://www.lgbti-label.ch/wp-content/uploads/2023/07/graphique4-3-fr2-300x300.png 300w, https://www.lgbti-label.ch/wp-content/uploads/2023/07/graphique4-3-fr2-150x150.png 150w, https://www.lgbti-label.ch/wp-content/uploads/2023/07/graphique4-3-fr2-768x768.png 768w, https://www.lgbti-label.ch/wp-content/uploads/2023/07/graphique4-3-fr2-1536x1536.png 1536w, https://www.lgbti-label.ch/wp-content/uploads/2023/07/graphique4-3-fr2-400x400.png 400w, https://www.lgbti-label.ch/wp-content/uploads/2023/07/graphique4-3-fr2-800x800.png 800w, https://www.lgbti-label.ch/wp-content/uploads/2023/07/graphique4-3-fr2-1200x1200.png 1200w, https://www.lgbti-label.ch/wp-content/uploads/2023/07/graphique4-3-fr2.png 2000w" sizes="auto, (max-width: 1024px) 100vw, 1024px" /></figure>

<p>Le Swiss LGBTI-Label est une organisation à but non lucratif issue des deux réseaux d’affaires WyberNet et Network. Le label a été codéveloppé par les associations faîtières TGNS, LOS et Familles arc-en-ciel. Organigramme du Swiss LGBTI-Label</p>

<title>A propos de nous - Swiss LGBTI-Label</title>
<meta name="description" content="Le Swiss LGBTI-Label est un label de qualité pour la gestion globale de la diversité et de l’inclusion. En savoir plus à propos de nous." />
<meta name="robots" content="index, follow, max-snippet:-1, max-image-preview:large, max-video-preview:-1" />
<link rel="canonical" href="https://www.lgbti-label.ch/fr/a-propos-du-label-lgbti-suisse/" />
<meta property="og:locale" content="fr_FR" />
<meta property="og:type" content="article" />
<meta property="og:title" content="A propos de nous - Swiss LGBTI-Label" />
<meta property="og:description" content="Le Swiss LGBTI-Label est un label de qualité pour la gestion globale de la diversité et de l’inclusion. En savoir plus à propos de nous." />
<meta property="og:url" content="https://www.lgbti-label.ch/fr/a-propos-du-label-lgbti-suisse/" />
<meta property="og:site_name" content="Swiss LGBTI-Label" />
<meta property="article:modified_time" content="2026-03-17T20:51:53+00:00" />
<meta property="og:image" content="https://www.lgbti-label.ch/wp-content/uploads/2026/01/lgbti-label25-h1-00495-scaled.jpg" />
	<meta property="og:image:width" content="2560" />
	<meta property="og:image:height" content="1707" />
	<meta property="og:image:type" content="image/jpeg" />
<meta name="twitter:card" content="summary_large_image" />
<meta name="twitter:label1" content="Durée de lecture estimée" />
	<meta name="twitter:data1" content="1 minute" />

Le Swiss LGBTI-Label est un label de qualité pour la gestion globale de la diversité et de l’inclusion. En savoir plus à propos de nous.

Wir fördern Diversity und Inclusion von LGBTI-Menschen am Arbeitsplatz.
